by 35.
32
What is the remainder when 149 is divided by 17?
13
What is the remainder when 142 is divided by 83?
59
What is the remainder when 4266 is divided by 12?
6
Calculate the remainder when 941 is divided by 41.
39
What is the remainder when 922 is divided by 22?
20
Calculate the remainder when 1334 is divided by 53.
9
Calculate the remainder when 79 is divided by 34.
11
Calculate the remainder when 27 is divided by 5.
2
Calculate the remainder when 441 is divided by 186.
69
What is the remainder when 126 is divided by 13?
9
What is the remainder when 246 is divided by 19?
18
What is the remainder when 679 is divided by 285?
109
Calculate the remainder when 7958 is divided by 21.
20
What is the remainder when 178 is divided by 20?
18
Calculate the remainder when 211 is divided by 44.
35
Calculate the remainder when 1774 is divided by 28.
10
What is the remainder when 24680 is divided by 68?
64
Calculate the remainder when 687 is divided by 679.
8
Calculate the remainder when 1667 is divided by 52.
3
What is the remainder when 175 is divided by 27?
13
What is the remainder when 133 is divided by 17?
14
Calculate the remainder when 432 is divided by 41.
22
Calculate the remainder when 7516 is divided by 103.
100
Calculate the remainder when 1677 is divided by 30.
27
Calculate the remainder when 2670 is divided by 24.
6
Calculate the remainder when 365 is divided by 11.
2
Calculate the remainder when 381 is divided by 16.
13
Calculate the remainder when 316 is divided by 69.
40
What is the remainder when 379 is divided by 55?
49
What is the remainder when 279 is divided by 86?
21
What is the remainder when 684 is divided by 28?
12
What is the remainder when 5774 is divided by 76?
74
What is the remainder when 377 is divided by 128?
121
What is the remainder when 122 is divided by 51?
20
Calculate the remainder when 2180 is divided by 12.
8
What is the remainder when 8134 is divided by 113?
111
What is the remainder when 9389 is divided by 36?
29
What is the remainder when 498 is divided by 11?
3
Calculate the remainder when 9 is divided by 5.
4
What is the remainder when 163 is divided by 33?
31
What is the remainder when 794 is divided by 49?
10
What is the remainder when 149 is divided by 14?
9
Calculate the remainder when 86 is divided by 61.
25
What is the remainder when 145 is divided by 110?
35
Calculate the remainder when 391 is divided by 56.
55
Calculate the remainder when 4617 is divided by 84.
81
Calculate the remainder when 936 is divided by 27.
18
Calculate the remainder when 5683 is divided by 29.
28
What is the remainder when 11423 is divided by 272?
271
What is the remainder when 43 is divided by 40?
3
Calculate the remainder when 268 is divided by 93.
82
What is the remainder when 107 is divided by 11?
8
Calculate the remainder when 15289 is divided by 110.
109
What is the remainder when 5676 is divided by 28?
20
Calculate the remainder when 37902 is divided by 206.
204
What is the remainder when 1208 is divided by 26?
12
Calculate the remainder when 223 is divided by 112.
111
Calculate the remainder when 224 is divided by 40.
24
Calculate the remainder when 4073 is divided by 85.
78
What is the remainder when 104 is divided by 40?
24
Calculate the remainder when 2973 is divided by 12.
9
What is the remainder when 1989 is divided by 988?
13
What is the remainder when 32 is divided by 9?
5
Calculate the remainder when 348 is divided by 117.
114
Calculate the remainder when 3140 is divided by 8.
4
What is the remainder when 382 is divided by 15?
7
What is the remainder when 2629 is divided by 56?
53
What is the remainder when 124 is divided by 31?
0
Calculate the remainder when 288 is divided by 27.
18
Calculate the remainder when 337 is divided by 74.
41
What is the remainder when 120 is divided by 27?
12
Calculate the remainder when 1513 is divided by 41.
37
What is the remainder when 284 is divided by 22?
20
Calculate the remainder when 545 is divided by 61.
57
What is the remainder when 325 is divided by 64?
5
What is the remainder when 63 is divided by 26?
11
What is the remainder when 26638 is divided by 12?
10
What is the remainder when 324 is divided by 43?
23
What is the remainder when 1402 is divided by 32?
26
Calculate the remainder when 335 is divided by 78.
23
What is the remainder when 471 is divided by 70?
51
What is the remainder when 233 is divided by 32?
9
Calculate the remainder when 5464 is divided by 53.
5
What is the remainder when 924 is divided by 426?
72
What is the remainder when 80 is divided by 71?
9
Calculate the remainder when 338 is divided by 10.
8
Calculate the remainder when 172 is divided by 47.
31
Calculate the remainder when 91 is divided by 77.
14
Calculate the remainder when 547 is divided by 536.
11
Calculate the remainder when 120 is divided by 7.
1
What is the remainder when 915 is divided by 892?
23
Calculate the remainder when 250 is divided by 7.
5
What is the remainder when 68 is divided by 27?
14
What is the remainder when 25262 is divided by 7?
6
Calculate the remainder when 183 is divided by 37.
35
What is the remainder when 150 is divided by 121?
29
What is the remainder when 416 is divided by 60?
56
What is the remainder when 519 is divided by 32?
7
Calculate the remainder when 9897 is divided by 45.
42
Calculate the remainder when 32 is divided by 9.
5
Calculate the remainder when 803 is divided by 119.
89
What is the remainder when 65 is divided by 28?
9
Calculate the remainder when 1833 is divided by 6.
3
What is the remainder when 1403 is divided by 230?
23
What is the remainder when 750 is divided by 21?
15
Calculate the remainder when 3075 is divided by 114.
111
Calculate the remainder when 53 is divided by 9.
8
What is the remainder when 303 is divided by 293?
10
What is the remainder when 145 is divided by 65?
15
What is the remainder when 399 is divided by 25?
24
Calculate the remainder when 209 is divided by 53.
50
Calculate the remainder when 814 is divided by 25.
14
Calculate the remainder when 192 is divided by 70.
52
Calculate the remainder when 575 is divided by 65.
55
Calculate the remainder when 39 is divided by 23.
16
What is the remainder when 310 is divided by 145?
20
Calculate the remainder when 27 is divided by 7.
6
Calculate the remainder when 159 is divided by 16.
15
Calculate the remainder when 258 is divided by 88.
82
Calculate the remainder when 2791 is divided by 25.
16
What is the remainder when 251 is divided by 17?
13
Calculate the remainder when 1702 is divided by 24.
22
Calculate the remainder when 1353 is divided by 205.
123
Calculate the remainder when 4158 is divided by 5.
3
Calculate the remainder when 388 is divided by 23.
20
What is the remainder when 3226 is divided by 154?
146
What is the remainder when 2968 is divided by 989?
1
Calculate the remainder when 37 is divided by 19.
18
Calculate the remainder when 276 is divided by 167.
109
Calculate the remainder when 2184 is divided by 2163.
21
What is the remainder when 510 is divided by 19?
16
What is the remainder when 444 is divided by 46?
30
What is the remainder when 192 is divided by 60?
12
Calculate the remainder when 2519 is divided by 60.
59
Calculate the remainder when 107 is divided by 93.
14
Calculate the remainder when 2244 is divided by 326.
288
Calculate the remainder when 79 is divided by 15.
4
Calculate the remainder when 1063 is divided by 41.
38
Calculate the remainder when 538 is divided by 89.
4
Calculate the remainder when 923 is divided by 12.
11
Calculate the remainder when 237 is divided by 12.
9
What is the remainder when 13241 is divided by 17?
15
What is the remainder when 1025 is divided by 503?
19
Calculate the remainder when 82 is divided by 29.
24
Calculate the remainder when 188 is divided by 19.
17
What is the remainder when 9 is divided by 6?
3
What is the remainder when 753 is divided by 29?
28
Calculate the remainder when 60 is divided by 3.
0
Calculate the remainder when 1618 is divided by 806.
6
What is the remainder when 692 is divided by 54?
44
Calculate the remainder when 714 is divided by 348.
18
Calculate the remainder when 437 is divided by 9.
5
What is the remainder when 141 is divided by 48?
45
What is the remainder when 228 is divided b